 + 3*z(p). Let r be k(0). Let y = r + 29. Does 22 divide y?
True
Suppose -17 = -2*l - 5*w, 10 - 2 = -4*l + 4*w. Let y = 3 + -6. Is 7 a factor of (y + 31)/l*1?
True
Does 6 divide (-9)/(-6) + 15720/(-16)*-1?
True
Let y(w) = 3*w**3 + 4*w**2 + 9*w - 6. Suppose a = -4*a + 5. Let f be 4 + (a/(-1))/1. Is y(f) a multiple of 51?
False
Suppose 604 = 7*d - 3*d. Let z = 293 + d. Suppose 3*y = -y + z. Is y a multiple of 8?
False
Suppose -x + 3*m + 3 = 0, -15*x + 10*x - 3*m = 3. Suppose 6*t - 10*t + 408 = x. Does 17 divide t?
True
Is ((-136)/1)/(38/(-1672)) a multiple of 44?
True
Let p(o) = 28*o**2 - 20*o + 201. Let y be p(7). Suppose 13*m - y = 6003. Does 22 divide m?
True
Let l be (3 - (-4)/(-1))/(4/8). Let p be (-2 - l - -3) + (3 - 6). Does 4 divide (32 + 1)*(p + (-4)/(-6))?
False
Let u(d) = -104*d - 1412. Is u(-22) a multiple of 12?
True
Suppose -5*s + 29 = 9. Suppose -i = -s*g - 10, 5*i - 3*g + 31 = 132. Suppose -2*u + 0*u + 17 = -5*k, -i = -u - 2*k. Does 16 divide u?
True
Suppose 362 + 34 = -12*j. Is (j/(-7))/(12/84) a multiple of 11?
True
Suppose -92*p - 18611 + 195619 = 0. Is 13 a factor of p?
True
Let f(a) = 45*a - 90. Let z be f(-5). Let m = z + 340. Is m a multiple of 2?
False
Let h(s) = 135*s + 6105. Does 75 divide h(42)?
True
Let p = -59 - -63. Let z(y) = y + 36. Let s be z(0). Suppose -a - s = -p*a. Does 12 divide a?
True
Let j be 15/(30/2812) + -5. Suppose 3*q = 2*q + j. Is 88 a factor of q?
False
Let l be (-10 - -3)*1230/(-21). Suppose 5*x + l = i, 2*i - 5*x - 764 - 81 = 0. Is 34 a factor of i?
False
Let d = 6212 - 2181. Is d a multiple of 71?
False
Let v(q) = -q**2 + 5. Let p(l) = l + 39 - 39. Let w(h) = 4*p(h) - v(h). Is 9 a factor of w(-8)?
True
Let j(a) = 16*a**2 - 3*a + 3. Let g be j(1). Let u = g + 141. Is u a multiple of 11?
False
Let v(t) = -t**3 + 6*t**2 - 4*t - 10. Let o be v(4). Suppose o*y - 918 = 3*y + 2*g, 3*g = 0. Is y a multiple of 6?
True
Let v = 102 + 645. Let s = 1240 - v. Does 67 divide s?
False
Suppose -3*x + 114 = 5*h, -2*h - 5*x - 16 + 73 = 0. Suppose 150 = -h*j + 26*j. Is -21*((-106)/j - (-3)/15) a multiple of 8?
False
Suppose -l = -5*b + 8 - 73, 26 = -3*b - 2*l. Does 8 divide (-15372)/(-77) - b/33?
True
Suppose -11 = -3*x - 4*u + 33, -2*x = -2*u - 6. Suppose -x*z - 2*z + 170 = 0. Is (-1 - z/(-5))/((-68)/(-2720)) a multiple of 18?
False
Let v be ((-2 - -1) + -1)/(-2). Let s be (-4 - v) + 4 + 233. Suppose 4*a + 3*c = 218, 4*c + s = 3*a + a. Is a a multiple of 13?
False
Let z(n) = -n**2 + 15*n - 24. Suppose -12*v + 18*v = 78. Let u be z(v). Does 9 divide u/(18/735) - (-2)/(-3)?
True
Suppose 0 = -3931*z + 3957*z - 472108. Does 77 divide z?
False
Let h(s) = 153*s - 408. Let m be h(-18). Let l = -2157 - m. Does 103 divide l?
False
Suppose 3*z - 19*z - 912 = 0. Suppose -189 = -0*j + 3*j. Let k = z - j. Is k a multiple of 6?
True
Suppose 621*z - 552*z - 1033758 = 0. Is z a multiple of 33?
True
Let g(z) = 14*z + 16. Let s be g(8). Suppose 0 = 6*y + 2*y + s. Does 10 divide (60/y)/(6/(-16))?
True
Suppose -4*l = 79 - 111. Is l a multiple of 4?
True
Let h(v) = -3*v**3 - 25*v**2 - 34*v + 267. Is 24 a factor of h(-19)?
False
Let r(x) = 3*x - 18. Let u be r(5). Does 47 divide (735/10 + -3)/(u/(-52))?
True
Suppose 5 - 25 = 5*v. Let t be (-4)/1*2/v. Suppose -s - 24 = -t*s. Is s a multiple of 24?
True
Let j(y) = -87*y + 105. Let p be ((-77)/14)/((-3)/(-6)). Does 18 divide j(p)?
True
Is (2/5)/(320/7559800) - 2/(-8) a multiple of 270?
True
Suppose 17*b + 7*b - 8*b - 52736 = 0. Is 9 a factor of b?
False
Let y be (-28)/(-2)*((-177)/(-6))/(-1). Let o = -211 - y. Let d = o - 122. Does 8 divide d?
True
Let a = -468 + 475. Suppose -3025 = -4*g - k, -a + 6 = -k. Does 43 divide g?
False
Suppose 3*u + q + 16 = 7*u, -3*u + 29 = -5*q. Suppose u*c = 4 + 5. Suppose -82 = -c*r + 4*m, 4*r = r - 3*m + 75. Is r a multiple of 13?
True
Let k be -1 - (-3 + 2)*-29. Let h = -25 - k. Suppose -93 = -p - 2*p - 3*a, -h*p + 179 = -3*a. Does 17 divide p?
True
Let a be 5/20 + (-739)/(-4). Let h = -125 + a. Is 5 a factor of h?
True
Let q = -116 - -70. Let o be (-39)/130 - (-4586)/20. Let f = q + o. Is f a multiple of 25?
False
Let g(y) = y**2 - 8*y + 79. Let c be -7 - (-14)/(-21)*-45. Is g(c) a multiple of 25?
False
Let t(l) = 101*l - 26. Let r = -17 - -19. Is 16 a factor of t(r)?
True
Suppose 20 = 15*j - 790. Suppose j + 28 = 2*q. Is q a multiple of 26?
False
Suppose b + 2*t - 30 = 0, 150 = 5*b - 5*t - 0*t. Suppose 20*r + 1380 = b*r. Is r a multiple of 10?
False
Suppose -75 + 515 = 4*y. Is ((-2 - -5) + 0)*(y + 10) a multiple of 10?
True
Suppose 0 = 4057*v - 4067*v + 73750. Does 25 divide v?
True
Suppose 165*m - 306605 = 637195. Does 7 divide m?
False
Let l = 11 + -9. Suppose -2*v = l*v - 408. Suppose -9*m + v = -6*m. Does 17 divide m?
True
Let n = -89 + -307. Let z = n - -802. Does 58 divide z?
True
Suppose -4*i = -2*b - 16, 3*b - 7*b - 48 = -4*i. Let o(w) = 6 + 20 - 8 - 3 - 5*w. Is 22 a factor of o(b)?
False
Let m be 4 + 6 - -4*(-2)/4. Suppose m*a - 306 = 62. Does 23 divide a?
True
Suppose 5*l - 6 = -156. Let q be (-30)/(-5) - 3/(-9)*-15258. Is q/l + 1/(-3) a multiple of 10?
False
Suppose 0 = -3*v - 317 + 44. Let w = 49 + v. Let s = -31 - w. Is s a multiple of 2?
False
Let a(l) be the first derivative of l**4/4 - 2*l**3/3 + 3*l**2/2 + 58*l + 138. Does 5 divide a(0)?
False
Suppose 16*b + 45253 - 127173 = 84480. Is 65 a factor of b?
True
Is ((-1638)/(-36) - -13)/(12/17600) a multiple of 20?
True
Let i(h) = h**2 + 719. Is 16 a factor of i(-25)?
True
Let d = -346 - -234. Let j = 164 + d. Is 3 a factor of j?
False
Suppose 38*n + 27504 = 1410661 - 91765. Is 192 a factor of n?
True
Let t = 4178 + -1838. Suppose -14*b - t = -27*b. Is b a multiple of 10?
True
Let l(t) = 16*t**3 - 7*t**2 + 86*t - 199. Is 14 a factor of l(13)?
True
Suppose 0 = -3*f - 2*b + 2750, -3*f + 1978 = 3*b - 770. Is 9 a factor of f?
True
Let o be (-19)/171 - 80/9. Is 28 a factor of 1/4*(o + -8 + 1341)?
False
Suppose -4*t = -4*z - 48, -z + 13*t = 9*t + 24. Let i(a) = a**2 - a - 14. Let h(v) = -v**2 + 13. Let n(d) = -6*h(d) - 5*i(d). Is n(z) a multiple of 3?
False
Let n be -7 + (-18426)/(-54) - 4/18. Suppose -71 = -9*s + n. Suppose -45 = -46*b + s*b. Is 26 a factor of b?
False
Let v(m) = 2*m**2 - 7*m - 30. Let b(w) = -10*w + 16 + 0*w**3 - 28 + 7*w**2 + 15*w + w**3. Let s be b(-6). Does 5 divide v(s)?
False
Let x be (-22)/88 - (-33)/4. Suppose 5*n - x*n - 1365 = -3*d, n = -4*d + 1810. Is 16 a factor of d?
False
Let s(u) = u**3 - 6*u**2 - 5*u - 1. Let d be s(7). Let c(k) = 0*k**3 + d*k + 2*k**2 + 8*k**2 - k**3 - 4 + 0*k**3. Is 16 a factor of c(11)?
False
Suppose 0 = -2*n - a + 4098, 946 = n - 2*a - 1103. Is 57 a factor of n?
False
Suppose -4*h - 2*a + 14 = -0*a, -2*h = -2*a + 2. Let x be (h - 3) + (11 + -4 - 2). Suppose k = -x*k + 160. Does 4 divide k?
True
Let s(c) = c**3 - 2*c**2 - 3*c + 3. Let n be s(0). Suppose -r = -n, h - 1404 = 4*r + 179. Is h a multiple of 26?
False
Let x(a) = 19 + 48*a - 23*a - 40*a - a**2 + 33. Does 27 divide x(-7)?
True
Let j be 2244/11*27/12. Let o = 907 - j. Does 37 divide o?
False
Let x(f) = 7*f**3 + 18*f**2 - 24*f. Let t(o) = -6*o**3 - 14*o**2 + 22*o - 1. Let k(v) = 6*t(v) + 5*x(v). Let u be -2*(-1)/2*7. Is k(u) a multiple of 7?
False
Is (-5 - 4835)*(-1)/((-15)/(-30)) a multiple of 22?
True
Suppose 0*z - 4*g + 29 = 3*z, -4*z = -5*g - 18. Let m(d) = -d - 9*d + 4*d + 8*d - 7 + 5*d. Does 4 divide m(z)?
False
Let x = -15 - -20. Suppose 0 = -x*y, 5*g + 22*y - 17*y = 100. Is g even?
True
Suppose -3*c + 9 = -6*c. Let l be c/(-2 - 28/(-8)). Is 30 a factor of 12/2 + l + 86?
True
Suppose -2*s - 6298 = -l, 10*s - 6*s = -l + 6280. Does 25 divide l?
False
Is 29 a factor of (25/(550/44))/((-2)/(-17335))?
False
Suppose -55 = 2*w - 97. Suppose -w*d = 19*d - 5120. Is d a multiple of 16?
True
Let t(i) = 31 - 82 - 10*i + 42 + i. Does 68 divide t(-18)?
False
Let o(v) = 439*v + 4798. Is 55 a factor of o(13)?
True
Let c be (-7)/5 + 1 - (-486)/90. Let k(y) = -22*y**3 + 3*y. Let v be k(-2). Suppose c*h + 3*w - v = 177, -h - w + 69 = 0. Is 5 a factor of h?
True
Let u be (-2 - -2)*4/(-4). Suppose u = 5*q - w - 1546, -232 - 70 = -q + 2*w. Does 6 divide q?
False
Suppose -13*x + 8*x + 5*y = -55, 0 = 2*x + 5*y - 15. Let h(o) = 10*o - 82. Is h(x) a multiple of 9?
True
Is 51 a factor of 3517 - 2/((-6)